+ 79749. Calculate the greatest common divisor of g and 256.
256
Suppose -5*z - 20 = 0, -4*r - 3*z = -z - 52. Let m be (133/(-2))/(r/10 - 2). Calculate the greatest common divisor of 38 and m.
19
Let f(g) = 78*g**2 - 356*g - 1436. Let x be f(-4). What is the greatest common divisor of 48 and x?
12
Suppose -233 = -5*i - 23. Let w(g) = 41*g**2 - 11*g + 26. Let q be w(2). Calculate the greatest common factor of i and q.
42
Suppose -21*t - 25*t + 10355 = -16877. What is the highest common divisor of 259 and t?
37
Suppose -45*d + 172139 = -34951. Calculate the greatest common factor of d and 78.
78
Suppose 15 - 5 = 2*u, -2*u + 472 = 3*y. Let c = -96 - 16. Let b = c + 126. What is the highest common factor of y and b?
14
Let n = -18118 - -18586. What is the highest common divisor of 2052 and n?
36
Suppose 13*z = 116 + 144. Suppose -42 = -z*m + 6*m. Calculate the highest common factor of m and 24.
3
Suppose -13 = 2*a - 5. Let m be a + 3 - (-23 - 1). Suppose 0 = -10*o - 14*o - 3*o + 3105. What is the greatest common divisor of o and m?
23
Let b(y) = y**3 + 85*y**2 + 19*y + 1827. Let i be b(-85). Calculate the highest common factor of 36 and i.
4
Let x(t) = -21*t**3 - t**2 - 3*t - 1. Let i be x(-1). Let f be i/33 - 212/(-6). What is the greatest common divisor of 18 and f?
18
Suppose 3*f - 484 = 3*y + 440, -2*f + 612 = -y. Suppose 0 = 5*w + 3*a - 184, -148 = -54*w + 50*w - 2*a. Calculate the greatest common factor of f and w.
38
Let u = 64 + -56. Suppose u*o - 152 = 16. Let t = 221 + -158. Calculate the greatest common factor of o and t.
21
Suppose 4*h = 3*o - 14, 6 = -o + 3*h + h. Let u(c) = -c**2 - 394*c - 3083. Let i be u(-8). What is the greatest common divisor of i and o?
5
Let j be (-25)/((-500)/24)*((-17350)/15)/(-1). What is the greatest common factor of 16 and j?
4
Let j be -2 + (-4)/(-3) - (-31512)/72. Suppose 1157 = 20*l + j. Calculate the greatest common factor of l and 108.
36
Suppose 21*v - 18*v = -177. Let u(b) = -24*b - 25. Let l be u(-4). Let y = v + l. What is the greatest common divisor of 2 and y?
2
Let u(n) = 16*n**2 - 30*n - 32. Let z be u(5). What is the greatest common divisor of z and 2507?
109
Suppose -2*c + 1870 = 3*c. Suppose -x + 7*v = -152, -3*x + 108*v = 112*v - 156. What is the greatest common factor of c and x?
34
Let g(b) = -55*b - 63. Let n be g(-11). Calculate the greatest common factor of n and 2.
2
Suppose -2 = 5*b + 13, -5*b - 55 = -2*r. Suppose -4*j + 6 = 10. Let f be 160/(-5 + 4)*j. Calculate the greatest common factor of f and r.
20
Let i = -21 - -48. Let b be (-1)/((-5)/(-4))*10/(-4). Suppose -2*g - b*h + 60 = 0, 5*h + 56 + 37 = 4*g. Calculate the greatest common factor of g and i.
27
Let w(j) = 50*j + 2252. Let x be w(-40). Calculate the highest common divisor of 126 and x.
126
Suppose -5*w + 94 = -2*y, -129*w - 74 = -133*w + y. What is the highest common factor of w and 144?
18
Suppose 150 = 5*o - 5. Suppose -o = 3*s - 151. Suppose 3*m - 6 = -2*l + 34, 4*m + 2*l - 50 = 0. Calculate the greatest common divisor of s and m.
10
Let r be 10/(-25)*(-100)/8. Suppose -17*v = -12*v + 4*b - 55, 5*b = -r*v + 50. Calculate the greatest common divisor of v and 420.
15
Let i = -30 + 51. Let b(h) = -1041*h + 15629. Let n be b(15). What is the greatest common divisor of n and i?
7
Let u = -195 - -194. Let n be 1/(u/(-12 + 2)). What is the highest common divisor of n and 20?
10
Let t = 28 + -38. Let g(s) = -s**3 - 10*s**2 - 6*s - 14. Let f be g(t). Calculate the highest common factor of 115 and f.
23
Let g(h) = -h**3 + 9*h**2 + 71*h - 9. Let m be g(13). What is the greatest common factor of 378 and m?
14
Suppose 5 + 20 = 5*j. Suppose 0 = -5*g + j*t + 30, -2*g = -t + 2*t - 12. Let h = -15592 + 15640. What is the greatest common divisor of h and g?
6
Let s = 346 - 395. Let g = s - -79. What is the greatest common factor of g and 270?
30
Let t be (3/5 + -1)/(3/(-2700)). Suppose 4*p + 20 = 3*f, 3*f + p + 11 = 36. Suppose 0*m + f*m - t = 0. What is the greatest common divisor of 180 and m?
45
Let p = 2700 - 2586. Calculate the greatest common divisor of 16 and p.
2
Let f(c) = -c**2 + 18*c - 14. Let k be 18/4*72/27. Let m be f(k). Suppose -b + m = -2*w, b + 2*w - 59 = 3*w. Calculate the highest common factor of b and 24.
12
Let a be -2*(-2 + 122/4)*-3. Suppose 162 = 2*l + m, m = 2*l + 13 - a. Calculate the highest common factor of l and 144.
16
Suppose 80*g - 502634 = 18*g. What is the greatest common factor of g and 67?
67
Let f be 382*(-5)/10 + 5 + -2. Let t = 198 + f. Calculate the greatest common factor of 15 and t.
5
Suppose -3*f + 144 = 4*o, 3*f - 11*o = -7*o + 120. Suppose f*t = 40*t + 32. Calculate the greatest common divisor of t and 128.
8
Let f be (0 + 4)*91323/556. Calculate the greatest common factor of 72 and f.
9
Let z = 128 + -102. Let g = 45 + -79. Let t = g + 47. Calculate the greatest common factor of t and z.
13
Let a be (32/(-96))/(1/9365*(-12)/108). What is the highest common divisor of a and 15?
15
Suppose -r + 776 = q + 666, 3*r + 240 = 2*q. What is the greatest common divisor of 162 and q?
6
Suppose q + 7 = 0, 5*q + 334 = k + 268. What is the greatest common factor of 9641 and k?
31
Let g = -26380 + 26437. Calculate the highest common divisor of g and 6156.
57
Suppose -3*v = 2*j - 6*v + 4, -5*j - v = -24. Suppose g + j*q + 10 = 0, 6*g + 2*q - 4 = 4*g. What is the highest common divisor of 12 and g?
6
Let y(m) = m**3 + 5*m**2 + 4*m. Let o be y(-4). Suppose o = -2*j - 26 - 26. Let s be 4/(-8)*j + -1 + 1. What is the greatest common factor of 351 and s?
13
Let r be (7 + -19)*12*30/(-8). Calculate the greatest common factor of 7740 and r.
180
Let t be (-9*(534/90 - 6))/((-11)/(-15345)). What is the highest common divisor of t and 648?
27
Let w be (2 - -4)/(16/8). Suppose -w*s + 18 = -5*f, 0 = -4*s + 5*s + 3*f + 8. Calculate the highest common factor of 9 and s.
1
Let m(o) = o - 28. Let x be m(8). Let d(c) = -c**3 - 20*c**2 - 7*c + 12. Let y be d(x). Calculate the greatest common factor of y and 76.
76
Let w be 8/(4/1) + 1. Suppose w*a + 3*a = 234. Let q be (1 + -3)/(75/a - 2). Calculate the highest common factor of 65 and q.
13
Suppose 0*l - 2*l - 2*s + 14894 = 0, 4*s = -2*l + 14884. Calculate the greatest common divisor of 288 and l.
36
Let d(b) = -b**2 - 6*b + 11. Let g be d(-6). Let h = 3388 + -3300. What is the greatest common factor of g and h?
11
Suppose -5*r - 5*y + 65 = 0, -52*r + 53*r - 33 = 4*y. What is the greatest common factor of r and 952?
17
Let o = 6332 - 6330. Let f = -4 - -6. Suppose -46 = -2*a - a + f*z, 10 = a - 2*z. What is the highest common divisor of o and a?
2
Let p be (-9)/(18/4)*-1. Let g(a) = -6*a**3 + 6*a**2 - 2*a - 1. Let h be g(p). Let w = h - -89. Calculate the highest common divisor of w and 90.
30
Suppose 7*v - 1992 = -5*v. Suppose v*n = 170*n - 1320. Calculate the greatest common divisor of n and 30.
30
Let i be 0*((-36)/8 - -4) - -108. Suppose 705*y - i = 704*y. What is the highest common factor of y and 48?
12
Suppose -2*f + 258 = 5*i, -i + 2*i = -2*f + 50. Let o be (-15 + 37)*i/8. What is the highest common divisor of o and 11?
11
Suppose -9*x + 533 - 524 = 0. Calculate the greatest common factor of x and 887.
1
Suppose 3*g + 409 = -3*m + 52, 577 = -5*g + 4*m. Let v be (2*g/15)/(4/(-10)). Let j = v + 11. Calculate the highest common factor of 25 and j.
25
Suppose -33*v = -59*v + 2184. Let l(q) = q**2 - 4*q - 25. Let m be l(17). What is the highest common factor of v and m?
28
Let q(a) = -a**3 + 55*a**2 + 435*a - 51. Let p be q(62). Calculate the greatest common divisor of p and 781.
11
Let i be (-1395)/(-21) - 18/42. Suppose 2*w - 4*q + 127 = -9*q, -3*q = w + i. Let j = 19 - w. Calculate the greatest common factor of j and 10.
10
Let s(d) = 3*d**3 - 179*d**2 - 60*d + 5. Let i be s(60). Let m = 25 - 12. What is the greatest common divisor of m and i?
1
Let r(l) = 9*l**3 + 15*l**2 - 57*l + 54. Let w be r(6). Calculate the highest common factor of 162 and w.
18
Let b = -201 + 199. Let u be (-2 + (-28)/8)*b*2. Calculate the highest common factor of u and 33.
11
Let f(g) = 4*g**3 + g**2. Let o be (-44)/(-36) - (-2)/(-9). Let u be f(o). Suppose 14*z + 160 = 46*z. Calculate the highest common factor of z and u.
5
Let s be 2/(-2) - (-377 + 1 + -3). Suppose 0 = 39*u - 36*u - s